13*o**2 - 71*o - 107. Let c(p) = -11*w(p) - z(p). What is c(-22)?
-14
Let g(n) be the second derivative of n**3/6 - 3*n**2 + 3*n + 14810. Let o be 46/(-10) + (-4)/10. Determine g(o).
-11
Let y(w) = w**3 - 6*w**2 - 5*w + 18. Let i = -1641 - -1647. Determine y(i).
-12
Let r(i) = -2*i**2 - 10*i - 2. Suppose m + 4*m = -c - 34, -4*c + 4 = 0. Determine r(m).
-30
Let y(z) = z**3 - 14*z**2 + 13*z - 3. Suppose -q = 5*s - 38, 2*q + 3*q - 2*s - 55 = 0. Suppose -551*d + q = -550*d. Give y(d).
-3
Let q(h) = h**2 - 7*h - 1. Suppose 0 = o - 11 + 1. Suppose -j = -3, -2*b + o = 3*j - 15. What is q(b)?
7
Let f(n) be the first derivative of 17*n**3/3 + n**2 - n - 4402. Let a be 2 - (-3 + 2 + 2). Give f(a).
18
Let h(l) = l**2 - l - 3. Let q be h(3). Let d(z) = -3*z**3 - 3*z**3 + 4*z**q - 2*z + z**3 + 8. Let g(v) = v**2 + 1. Let j(b) = -d(b) + 4*g(b). Calculate j(-4).
-12
Let t = 138 - 135. Let n(a) be the third derivative of a**6/120 - a**5/40 - a**4/24 + a**3/2 + 4*a**2. Let g(w) be the first derivative of n(w). What is g(t)?
17
Suppose -5*h + 77 = 4*v, -5*v + 2*h - 20 = -6*v. Suppose -v - 3 = 3*s + 2*r, 3*r = 5*s + 16. Let m(x) = x**3 + 3*x**2 - 7*x - 4. Determine m(s).
-19
Let j(n) = -27*n - 11 + 7*n + 9*n + 5*n + n**2 - n. Calculate j(-6).
67
Let r be (4/6)/((-2)/(-9)). Let v(l) = -6*l - r + 4*l + 2*l - l. Suppose -78 = 14*n - 8. Determine v(n).
2
Let h(n) = -2 - 2 + 1 + 6 - 4*n. Let u = 82 - 132. Let q = u + 45. What is h(q)?
23
Let p(l) = -2659*l**2 + 1330*l**2 + 3*l + 1322*l**2 + 10. Give p(-2).
-24
Let h(j) = j**3 - 7*j**2 + 7*j - 6. Let p be h(6). Suppose -t + 125 + 21 = p. Let s(m) = t + m - 152 + 0*m. What is s(5)?
-1
Let w(o) be the second derivative of 0 - o - 9/2*o**2 + 1/8*o**4 - 2/3*o**3. Let n(z) be the first derivative of w(z). Determine n(4).
8
Suppose 0 = -4*t - k - 21 + 22, -20 = -4*k. Let x(i) = 11*i**3 + i**2 + 2*i. What is x(t)?
-12
Let f = 28542 - 28543. Let x(w) be the second derivative of -9*w**5/20 + w**4/12 + w**3/3 + w**2/2 + w. Calculate x(f).
9
Let v(f) be the second derivative of -f**5/60 + f**4/24 + f**3/2 - 11*f**2/2 - f - 3. Let c(d) be the first derivative of v(d). Determine c(5).
-17
Let h(v) be the first derivative of 3*v**2 - 3*v - 11519. Let n = -1 + 3. What is h(n)?
9
Let r(g) = g**3 + 2*g**2 - 2*g - 3. Let d be r(-2). Suppose 3*f = -6*f + 45. Let h(j) = -j - 2. Let x(l) = 2*l + 11. Let i(u) = f*h(u) + x(u). What is i(d)?
-2
Let c(t) = 17*t + t**2 - 47*t - 8 + 15*t + 23*t. Let f = 223 + -231. Calculate c(f).
-8
Let d(i) = -190 - 17*i + 2*i - 194 + 580 - 195. Let w(h) be the third derivative of -h**4/24 + h**3/6 + 4*h**2. Let y be w(2). What is d(y)?
16
Let b = -14 + 20. Let r(h) be the first derivative of h**5/24 - h**4/6 - h**3 - 59*h**2/2 + 98. Let w(s) be the third derivative of r(s). Determine w(b).
26
Suppose q - 2*x = 9, -5*x = -26*q + 30*q + 42. Let y(p) = p**2 - p - 4. What is y(q)?
8
Let m(s) be the first derivative of -s**3/3 + 4*s**2 + 35*s - 2979. Calculate m(12).
-13
Let b(r) = -31*r**2 + 104*r + 20. Let o(v) = -11*v**2 + 37*v + 7. Let d(a) = -6*b(a) + 17*o(a). Determine d(-4).
-37
Let d be (12 - (-595)/(-51))*0. Let y(p) be the second derivative of -1/20*p**5 + 7/6*p**3 + d - 1/3*p**4 - 7*p + p**2. Determine y(-5).
-8
Let p be ((-200)/(-80))/((-10)/12). Let c(b) = -33*b - 105. Calculate c(p).
-6
Let a(i) = -i**2 + 116*i + 1263. Let o be a(126). Let u(d) be the third derivative of 0 - 1/24*d**4 - 7*d**2 + 5/3*d**o + 0*d. Calculate u(7).
3
Suppose -5*t - 5 = -0*t. Let p be (-1)/((-20)/24) + (-4)/20. Let j(s) = -2*s**2 - p + 27055*s**3 + 0 - 27060*s**3 + s**2 - s. Give j(t).
4
Suppose 15 + 9 = 2*f. Let x(a) = 3*a + f*a - 4*a. Let b = -3757504 - -3757502. Calculate x(b).
-22
Let l(f) = -16*f + 79. Let d(w) = -9*w + 47. Let g(o) = 7*d(o) - 4*l(o). Calculate g(10).
23
Let x(m) be the third derivative of m**4/4 - m**3/3 - m**2 + m + 525. Let u = 11 + -7. Give x(u).
22
Let h be ((-51)/(-187))/((3240/528)/45). Let j(l) = 4 - l + 2*l - 3*l + 2*l**3 - 2*l**2. Calculate j(h).
8
Let y(f) be the third derivative of -f**5/60 - f**4/12 + f**3 + 359*f**2. Calculate y(6).
-42
Let t = -2 - -6. Let v be 2/14 + 306/63. Let k(a) = -3*a + 2*a + 2*a - v. What is k(t)?
-1
Let z(h) be the third derivative of 1/120*h**6 - 1/12*h**4 + 7/60*h**5 + 1 + 58*h**2 - 17/6*h**3 + 0*h. What is z(-7)?
-3
Let p(z) = -23*z + 57. Let d(j) = 9*j - 25. Let m(f) = 5*d(f) + 2*p(f). What is m(-12)?
1
Let l(k) = -k**3 + k**2 - k - 6. Let o(g) = -2*g**2 - 19*g - 16. Let h be o(-8). Let w = -34 + 34. Suppose 4*z - h*z = w. Determine l(z).
-6
Suppose -5*c = 3*p + 80, 0 = 2*p - 3*c + 197 - 150. Let t(n) = -n**3 - 25*n**2 + n + 14. What is t(p)?
-11
Suppose 5*r = x + 3*r - 16, 5*r = -x - 12. Let f(b) be the third derivative of b**6/120 - 7*b**5/60 - 3*b**4/8 + 8*b**3/3 + 1283*b**2. Calculate f(x).
8
Suppose 2*z + 4*x - 4 = 6, z - 4*x = -1. Suppose 3*i - 16 = -2*i - z*m, 3*i = -5*m. Let k(g) = -2*g - 2. Determine k(i).
-12
Let x(w) = -11*w**3 - 54*w**2 - 2*w - 1. Let h(r) = 30*r**3 + 155*r**2 + 6*r + 5. Let s(o) = 4*h(o) + 11*x(o). Calculate s(26).
61
Let s(m) = -7*m**2 + 8 + 208*m + 212*m - 426*m. Calculate s(2).
-32
Let q(i) = -i**2 - 4*i + 34179. Let z be q(0). Let g(b) = -z*b + 1 + 34176*b - 12. Give g(-6).
7
Let r(v) be the second derivative of v**4/12 - 7*v**3/6 + 5*v**2 + 385*v. Suppose 2*z = -2, 5*w = -z - 4*z + 20. Determine r(w).
0
Let r(u) = -3*u - 2. Suppose 5*t - 8 - 2 = 0. Let d(g) = 9*g + 5. Let f(y) = t*d(y) + 7*r(y). Suppose 4*n - 11 = -23. What is f(n)?
5
Let f(p) be the first derivative of 3*p**2/2 + p - 786. Let d(a) = 10*a + 29. Let n be d(-3). Give f(n).
-2
Suppose -3*m + 9 = 0, 3*j - 5*m = -3*m - 6. Suppose 3*x = p - j*p - 24, p + 18 = -3*x. Let n(d) = -2*d - 9. Give n(x).
5
Let r(i) = i**2 + 10*i + 22. Let n(m) = m**2 + 29*m - 264. Let a be n(7). What is r(a)?
46
Let w be (-24)/8 - (0 - 1 - -6). Let i(l) = 125*l - 43*l - 43*l - 36*l + 3 + 11. What is i(w)?
-10
Let b = -3 - -2. Let s(r) be the second derivative of 1 - 2*r + 0*r**2 + 5/6*r**3. What is s(b)?
-5
Let r(n) = 0 - 4 + 0 - 3 - 2*n. Let f(o) = -o**3 - 2*o**2 + 67*o + 232. Let a be f(-4). Give r(a).
1
Let z(y) be the second derivative of -7*y**3/3 - 231*y**2/2 - 1621*y. What is z(-16)?
-7
Let u(p) be the second derivative of -p**5/20 - 5*p**4/6 + 7*p**3/3 + 19*p**2 - 2670*p. Give u(-11).
5
Let i(s) = 2 + 385*s - 4 - 2 + 0 - 377*s. Let z be (-12)/(-9)*(-7)/((-49)/21). Calculate i(z).
28
Let i(v) = 12*v**3 + 3*v**2 + 5*v + 3. Suppose -214*a = -235*a - 42. Determine i(a).
-91
Let s(g) = 2*g + 2. Let r be (-4 - 153) + -2 + 1. Let z = -156 - r. What is s(z)?
6
Let c(u) be the first derivative of 2*u**3/3 - 8*u**2 + 8*u + 2488. Give c(7).
-6
Let u be 3/(-6) + ((-126)/4)/(-9). Suppose u*z = j + 3, 4*j + 0*z - 3*z = 6. Suppose j*c = -13 + 34. Let d(g) = -g + 7. What is d(c)?
0
Let s(l) be the first derivative of -61*l**4/4 - l**3/3 + l**2 - l + 3694. Give s(1).
-61
Let c(t) be the third derivative of t**4/4 - 5*t**3/3 + 391*t**2. Calculate c(11).
56
Suppose 0 = -5*d, 4*z + 3*d + 4 = -0*d. Let n(c) be the third derivative of -3*c**5/10 + c**3/6 + 40*c**2 - 3*c - 22. Calculate n(z).
-17
Let g = 123 - 124. Let w(h) = 2*h**2 + 1. Let n(y) = y**2 + y - 1. Let t(o) = g*w(o) + 3*n(o). Determine t(-4).
0
Suppose 23*d = -9133 + 2394. Let v = d - -296. Let q(h) = -h**3 + h**2. What is q(v)?
-18
Suppose -5*n = -5*g - 45, -5*n - 57 = 5*g - 62. Let t(z) = z**2 - 3*z + 12. Determine t(n).
22
Let a(g) = -54*g + 305. Let m(i) = -13*i + 76. Let b(x) = -6*a(x) + 26*m(x). Calculate b(10).
6
Let j be (-1)/((-7)/70*5). Suppose 0 = j*d - 4, 6 - 2 = 4*s + 4*d. Let c(i) = -20*i - 7. Let y(h) = 39*h + 13. Let v(o) = -11*c(o) - 6*y(o). Give v(s).
13
Suppose 0 = 40*i + 1314 - 10194. Let q = i + -220. Let r(m) = 5*m**2 + 2*m. What is r(q)?
24
Suppose 28*h = 11*h + 4301. Let r(l) = h - 239 - 2*l**2 + 3*l**2. Calculate r(0).
14
Suppose -3*k + 270*o = 273*o - 9, -k - 3*o = -15. Let x(q) = -2*q**2 - 2*q + 1. Calculate x(k).
-11
Let b(k) = -k**3 + 15*k**2 - 47*k - 3. Let a = 24724 + -24714. What is b(a)?
27
Let c(p) be the first derivative of 5*p**4/12 + p**3/3 + 341*p + 58. Let u(s) be the first derivative of c(s). Calculate u(2).
24
Let f(n) = 2*n - 7. Let c(y) = -y + 3. Let k(d) = 5*c(d) + 2*f(d). Suppose 167 = -